{"id":6,"date":"2022-04-25T20:54:39","date_gmt":"2022-04-25T23:54:39","guid":{"rendered":"https:\/\/artesanativa.com\/?page_id=6"},"modified":"2022-04-27T18:35:29","modified_gmt":"2022-04-27T21:35:29","slug":"sobre","status":"publish","type":"page","link":"https:\/\/artesanativa.com\/index.php\/sobre\/","title":{"rendered":"Sobre"},"content":{"rendered":"\n<figure class=\"wp-block-image size-large\"><img decoding=\"async\" src=\"https:\/\/upload.wikimedia.org\/wikipedia\/commons\/7\/7d\/Centro_de_Artesanato_de_Tamba%C3%BA%2C_Jo%C3%A3o_Pessoa_%28PB%29.jpg\" alt=\"\"\/><figcaption>Centro de Artesanato Tamba\u00fa<\/figcaption><\/figure>\n\n\n\n<p>Funcionando desde 1996, no Centro de Artesanato de Tamba\u00fa em Jo\u00e3o Pessoa, a Artesanativa prop\u00f5e-se a atender a todos que valorizam o artesanato regional da Para\u00edba e do Nordeste brasileiro. Repleta de bordados e rendas em pe\u00e7as lindas para decorar e trazer requinte para sua casa. A nossa loja ajuda a levar boa lembran\u00e7as de nossa cidade.<\/p>\n\n\n\n<p>A marca foi criada a partir da jun\u00e7\u00e3o das palavras \u201cartes\u00e3\u201d, &#8220;ana&#8221; e \u201cnativa\u201d\u00a0 todas em referencia a sua fundadora, Ana L\u00facia, uma artes\u00e3 que passou um longo per\u00edodo longe, e ao regressar a sua terra nativa, abriu uma loja para que pudesse trabalhar com o que ela mais gostava:\u00a0 o artesanato, uma arte linda que vem do povo.<\/p>\n","protected":false},"excerpt":{"rendered":"<p>Funcionando desde 1996, no Centro de Artesanato de Tamba\u00fa em Jo\u00e3o Pessoa, a Artesanativa prop\u00f5e-se a atender a todos que valorizam o artesanato regional da Para\u00edba e do Nordeste brasileiro. Repleta de bordados e rendas em pe\u00e7as lindas para decorar e trazer requinte para sua casa. A nossa loja ajuda a levar boa lembran\u00e7as de [&hellip;]<\/p>\n","protected":false},"author":1,"featured_media":0,"parent":0,"menu_order":0,"comment_status":"closed","ping_status":"closed","template":"","meta":{"_editorskit_title_hidden":false,"_editorskit_reading_time":0,"_editorskit_is_block_options_detached":false,"_editorskit_block_options_position":"{}","footnotes":""},"class_list":["post-6","page","type-page","status-publish","hentry"],"_links":{"self":[{"href":"https:\/\/artesanativa.com\/index.php\/wp-json\/wp\/v2\/pages\/6","targetHints":{"allow":["GET"]}}],"collection":[{"href":"https:\/\/artesanativa.com\/index.php\/wp-json\/wp\/v2\/pages"}],"about":[{"href":"https:\/\/artesanativa.com\/index.php\/wp-json\/wp\/v2\/types\/page"}],"author":[{"embeddable":true,"href":"https:\/\/artesanativa.com\/index.php\/wp-json\/wp\/v2\/users\/1"}],"replies":[{"embeddable":true,"href":"https:\/\/artesanativa.com\/index.php\/wp-json\/wp\/v2\/comments?post=6"}],"version-history":[{"count":2,"href":"https:\/\/artesanativa.com\/index.php\/wp-json\/wp\/v2\/pages\/6\/revisions"}],"predecessor-version":[{"id":79,"href":"https:\/\/artesanativa.com\/index.php\/wp-json\/wp\/v2\/pages\/6\/revisions\/79"}],"wp:attachment":[{"href":"https:\/\/artesanativa.com\/index.php\/wp-json\/wp\/v2\/media?parent=6"}],"curies":[{"name":"wp","href":"https:\/\/api.w.org\/{rel}","templated":true}]}}

<figure class="wp-block-image size-large"><img decoding="async" src="https://upload.wikimedia.org/wikipedia/commons/7/7d/Centro_de_Artesanato_de_Tamba%C3%BA%2C_Jo%C3%A3o_Pessoa_%28PB%29.jpg" alt=""/><figcaption>Centro de Artesanato Tambaú</figcaption></figure>



<p>Funcionando desde 1996, no Centro de Artesanato de Tambaú em João Pessoa, a Artesanativa propõe-se a atender a todos que valorizam o artesanato regional da Paraíba e do Nordeste brasileiro. Repleta de bordados e rendas em peças lindas para decorar e trazer requinte para sua casa. A nossa loja ajuda a levar boa lembranças de nossa cidade.</p>



<p>A marca foi criada a partir da junção das palavras “artesã”, &#8220;ana&#8221; e “nativa”  todas em referencia a sua fundadora, Ana Lúcia, uma artesã que passou um longo período longe, e ao regressar a sua terra nativa, abriu uma loja para que pudesse trabalhar com o que ela mais gostava:  o artesanato, uma arte linda que vem do povo.</p>

<p>Funcionando desde 1996, no Centro de Artesanato de Tambaú em João Pessoa, a Artesanativa propõe-se a atender a todos que valorizam o artesanato regional da Paraíba e do Nordeste brasileiro. Repleta de bordados e rendas em peças lindas para decorar e trazer requinte para sua casa. A nossa loja ajuda a levar boa lembranças de [&hellip;]</p>
